ber?
False
Is 752569 a prime number?
True
Is 118649 composite?
True
Is 174107 a prime number?
False
Is 45769 composite?
True
Is 63469 a composite number?
True
Is 236669 a prime number?
False
Is 107171 a composite number?
False
Is 30581 a prime number?
False
Is 411 a composite number?
True
Is 2441 a prime number?
True
Is 16183 a composite number?
False
Is 1811 composite?
False
Is 8003 prime?
False
Is 28957 a composite number?
True
Is 13367 a composite number?
False
Is 2021219 a composite number?
False
Is 215893 prime?
True
Is 11521 prime?
False
Is 5779 a prime number?
True
Is 2179 a prime number?
True
Is 105953 prime?
True
Is 22937 composite?
False
Is 82301 prime?
True
Is 817 composite?
True
Is 167363 composite?
True
Is 2609 composite?
False
Is 10097 composite?
True
Is 447059 a composite number?
True
Is 12695 a composite number?
True
Is 100963 composite?
True
Is 18119 a composite number?
False
Is 53647 a composite number?
True
Is 7001 a prime number?
True
Is 8644123 composite?
False
Is 111751 a prime number?
True
Is 31561 prime?
False
Is 327389 prime?
False
Is 28643 composite?
False
Is 12695 composite?
True
Is 262265 a prime number?
False
Is 691001 a prime number?
True
Is 2719 prime?
True
Is 38573 composite?
True
Is 158161 a composite number?
False
Is 37691 a prime number?
True
Is 14165 a composite number?
True
Is 63763 prime?
False
Is 32557 prime?
False
Is 76679 prime?
True
Is 15261 a composite number?
True
Is 10541 composite?
True
Is 57527 prime?
True
Is 223 a prime number?
True
Is 42923 composite?
False
Is 946961 a prime number?
True
Is 8497 a composite number?
True
Is 1363 a composite number?
True
Is 6143 a prime number?
True
Is 4507 prime?
True
Is 6801 prime?
False
Is 1956365 a composite number?
True
Is 79757 composite?
False
Is 50021 a prime number?
True
Is 406283 composite?
True
Is 7747 prime?
False
Is 125735 composite?
True
Is 232357 prime?
True
Is 24573 a composite number?
True
Is 7427 a composite number?
True
Is 9991 a prime number?
False
Is 23137 composite?
True
Is 4535 composite?
True
Is 10817 prime?
False
Is 15439 a prime number?
True
Is 14713 prime?
True
Is 41279 prime?
False
Is 2400923 a composite number?
True
Is 546413 prime?
False
Is 77 a composite number?
True
Is 3979 composite?
True
Is 1198421 a composite number?
True
Is 38107 a prime number?
False
Is 89137 a composite number?
False
Is 10357 prime?
True
Is 10903 a prime number?
True
Is 19937 a composite number?
False
Is 380899 a prime number?
False
Is 113717 a prime number?
True
Is 3611 prime?
False
Is 111 a prime number?
False
Is 1737479 a composite number?
False
Is 97411 a composite number?
True
Is 143555 a prime number?
False
Is 31379 a composite number?
False
Is 317693 composite?
False
Is 478537 composite?
True
Is 3181 a composite number?
False
Is 160837 a prime number?
False
Is 2579 a composite number?
False
Is 6373 prime?
True
Is 16369 prime?
True
Is 72251 a composite number?
False
Is 23407 composite?
True
Is 11677 composite?
False
Is 112323 a prime number?
False
Is 124861 a composite number?
True
Is 69457 a prime number?
True
Is 11159 prime?
True
Is 93949 a composite number?
False
Is 25891 a composite number?
True
Is 1148437 a composite number?
False
Is 213 a prime number?
False
Is 191971 composite?
True
Is 11917 a prime number?
False
Is 2859869 composite?
False
Is 679 a composite number?
True
Is 607837 prime?
True
Is 94033 composite?
False
Is 1243 a composite number?
True
Is 558307 a composite number?
False
Is 13019 a prime number?
False
Is 871927 composite?
True
Is 65597 a composite number?
True
Is 383291 prime?
True
Is 649679 composite?
True
Is 4555 composite?
True
Is 57557 a prime number?
True
Is 320453 a composite number?
True
Is 13817 a prime number?
False
Is 43293 a composite number?
True
Is 161831 a composite number?
False
Is 30047 a composite number?
False
Is 149 prime?
True
Is 13393 composite?
True
Is 2153267 a prime number?
True
Is 299582 composite?
True
Is 311107 a prime number?
False
Is 853015 prime?
False
Is 3641 a composite number?
True
Is 1264709 composite?
True
Is 3687 a prime number?
False
Is 36251 prime?
True
Is 55235 prime?
False
Is 135101 prime?
True
Is 520241 a composite number?
False
Is 88589 a prime number?
True
Is 115 a prime number?
False
Is 2133821 prime?
True
Is 179839 a composite number?
True
Is 5489 prime?
False
Is 22051 prime?
True
Is 85987 a composite number?
True
Is 150131 composite?
False
Is 358379 prime?
False
Is 23351 composite?
True
Is 3221 composite?
False
Is 720773 prime?
True
Is 1843793 a composite number?
True
Is 1194157 prime?
True
Is 26971 a composite number?
True
Is 3989 a prime number?
True
Is 125287 a prime number?
True
Is 15931 prime?
False
Is 113809 prime?
True
Is 23605 composite?
True
Is 15503 a prime number?
False
Is 2101 a prime number?
False
Is 8329 a prime number?
True
Is 191559 prime?
False
Is 29053 a composite number?
True
Is 71339 prime?
True
Is 6007 composite?
False
Is 553 prime?
False
Is 394943 a prime number?
True
Is 84221 composite?
False
Is 183149 prime?
False
Is 442961 composite?
False
Is 25247 composite?
False
Is 39763 a composite number?
True
Is 3261629 a prime number?
False
Is 19301 prime?
True
Is 39917 composite?
True
Is 43939 a composite number?
True
Is 2157 prime?
False
Is 154057 prime?
True
Is 14759 a composite number?
False
Is 13773 prime?
False
Is 30739 composite?
True
Is 7559 a composite number?
False
Is 3967 composite?
False
Is 371027 a composite number?
False
Is 50989 prime?
True
Is 343283 prime?
False
Is 2101 composite?
True
Is 18407 composite?
True
Is 42737 composite?
False
Is 160343 a composite number?
False
Is 3609191 a composite number?
False
Is 2696471 a prime number?
True
Is 16847 composite?
True
Is 1381069 prime?
True
Is 13553 a composite number?
False
Is 37441 a prime number?
True
Is 21727 composite?
False
Is 66841 a prime number?
True
Is 6619 composite?
False
Is 352733 composite?
True
Is 803897 composite?
False
Is 7609 a composite number?
True
Is 13259 a prime number?
True
Is 43271 a composite number?
False
Is 1593899 composite?
False
Is 1098439 a composite number?
False
Is 44241 prime?
False
Is 28533 a prime number?
False
Is 110626 prime?
False
Is 32183 composite?
False
Is 1307299 composite?
True
Is 10237 prime?
False
Is 140843 composite?
True
Is 30223 a prime number?
True
Is 5631121 prime?
True
Is 651173 a composite number?
True
Is 2437 a prime number?
True
Is 5147 prime?
True
Is 2237 prime?
True
Is 434489 a composite number?
True
Is 52985 a composite number?
True
Is 177214 prime?
False
Is 2139611 prime?
True
Is 10579 a composite number?
True
Is 1004089 prime?
True
Is 5079 a prime number?
False
Is 5965 composite?
True
Is 521 prime?
True
Is 23 a prime number?
True
Is 71429 a composite number?
False
Is 785 prime?
False
Is 65203 composite?
False
Is 138445 a composite number?
True
Is 177223 a composite number?
False
Is 10223 prime?
True
Is 12677 a composite number?
True
Is 17681 composite?
False
Is 855521 composite?
False
Is 9103 prime?
True
Is 2180651 prime?
False
Is 22313 composite?
True
Is 51677 a composite number?
True
Is 13517 a composite number?
True
Is 279353 composite?
False
Is 1361 a composite number?
False
Is 10559 a prime number?
True
Is 22641 a composite number?
True
Is 43843 a composite number?
True
Is 4943 a prime number?
True
Is 370235 prime?
False
Is 349471 composite?
False
Is 13129 a composite number?
True
Is 8779 composite?
False
Is 35221 a prime number?
True
Is 1130579 prime?
True
Is 33997 composite?
False
Is 35569 a prime number?
True
Is 147835 composite?
True
Is 1022327 prime?
False
Is 1471 a prime number?
True
Is 17723 a prime number?
False
Is 2518 a composite number?
True
Is 128585 a prime number?
False
Is 7123 prime?
False
Is 231223 a prime number?
True
Is 9967 a prime number?
True
Is 27917 composite?
False
Is 3299 prime?
True
Is 647987 composite?
False
Is 15971 a composite number?
False
Is 49811 a prime number?
True
Is 4189 a prime number?
False
Is 37619 prime?
True
Is 101731 a prime number?
False
Is 58241 a prime number?
False
Is 20897 composite?
False
Is 192737 prime?
True
Is 13247 composite?
True
Is 62683 a prime number?
True
Is 22391 a prime number?
True
Is 2884109 composite?
False
Is 247153 prime?
False
Is 86285 a prime number?
False
Is 54437 a prime num